{"id":5,"date":"2018-07-12T20:47:15","date_gmt":"2018-07-12T18:47:15","guid":{"rendered":"https:\/\/kfz-service-tessmann.de\/?page_id=5"},"modified":"2023-03-15T19:05:55","modified_gmt":"2023-03-15T18:05:55","slug":"startseite","status":"publish","type":"page","link":"https:\/\/kfz-service-tessmann.de\/","title":{"rendered":"Willkommen"},"content":{"rendered":"<h3><strong>bei Ihrem Kfz-Service Te\u00dfmann<\/strong><\/h3>\n<p style=\"text-align: justify;\">Profitieren Sie von unserer Kompetenz und unserem Service. Wir bieten Ihnen hinsichtlich Qualit\u00e4t, Leistungsst\u00e4rke und Kostenorientierung eine echte Alternative zu herstellerunterst\u00fctzten Vertragswerkst\u00e4tten.<\/p>\n<p style=\"text-align: justify;\">Von der Inspektion und der Hauptuntersuchung sowie Abgasuntersuchung (HU\/AU) in unserer Werkstatt durch staatlich beliehene \u00dcberwachungsorgansationen bis zu einem 24-Stunden-Service im Rahmen unserer Mobilit\u00e4tsgarantie.<\/p>\n<p><img decoding=\"async\" loading=\"lazy\" src=\"https:\/\/kfz-service-tessmann.de\/wp-content\/uploads\/2018\/07\/BG-1024x768.jpg\" alt=\"\" width=\"422\" height=\"317\"><\/p>\n<p style=\"text-align: justify;\">Rufen Sie jetzt an und vereinbaren Sie einen Termin!<\/p>\n<p style=\"text-align: justify;\">Wir k\u00fcmmern uns um unsere Kunden. So versuchen wir nach M\u00f6glichkeit im Bedarfsfall f\u00fcr den Zeitraum einer Reparatur ein Ersatzfahrzeug zur Verf\u00fcgung zu stellen. Sollte das bei Ihnen notwendig sein, so fragen Sie nach und wir sehen, was wir f\u00fcr Sie tun k\u00f6nnen.<\/p>\n<p>Sie interessieren sich f\u00fcr Quads und ATVs ? Dann werden Sie im Bereich zu unseren Leistungen sicher ebenfalls Interessantes f\u00fcr sich finden.<\/p>\n<p>Ihre PROFISERVICE WERKSTATT<br \/>\nKfz-Service Te\u00dfmann<\/p>\n","protected":false},"excerpt":{"rendered":"<p>bei Ihrem Kfz-Service Te\u00dfmann Profitieren Sie von unserer Kompetenz und unserem Service. Wir bieten Ihnen hinsichtlich Qualit\u00e4t, Leistungsst\u00e4rke und Kostenorientierung eine echte Alternative zu herstellerunterst\u00fctzten Vertragswerkst\u00e4tten. Von der Inspektion und [&hellip;]<\/p>\n","protected":false},"author":1,"featured_media":0,"parent":0,"menu_order":0,"comment_status":"closed","ping_status":"closed","template":"","meta":[],"_links":{"self":[{"href":"https:\/\/kfz-service-tessmann.de\/index.php\/wp-json\/wp\/v2\/pages\/5"}],"collection":[{"href":"https:\/\/kfz-service-tessmann.de\/index.php\/wp-json\/wp\/v2\/pages"}],"about":[{"href":"https:\/\/kfz-service-tessmann.de\/index.php\/wp-json\/wp\/v2\/types\/page"}],"author":[{"embeddable":true,"href":"https:\/\/kfz-service-tessmann.de\/index.php\/wp-json\/wp\/v2\/users\/1"}],"replies":[{"embeddable":true,"href":"https:\/\/kfz-service-tessmann.de\/index.php\/wp-json\/wp\/v2\/comments?post=5"}],"version-history":[{"count":35,"href":"https:\/\/kfz-service-tessmann.de\/index.php\/wp-json\/wp\/v2\/pages\/5\/revisions"}],"predecessor-version":[{"id":481,"href":"https:\/\/kfz-service-tessmann.de\/index.php\/wp-json\/wp\/v2\/pages\/5\/revisions\/481"}],"wp:attachment":[{"href":"https:\/\/kfz-service-tessmann.de\/index.php\/wp-json\/wp\/v2\/media?parent=5"}],"curies":[{"name":"wp","href":"https:\/\/api.w.org\/{rel}","templated":true}]}}